77 a multiple of 21?
True
Does 262 divide 1643363?
False
Does 329 divide 3280130?
True
Does 17 divide 24567?
False
Is 10 a factor of 36570?
True
Is 17 a factor of 537674?
False
Does 6 divide 33841?
False
Is 408680 a multiple of 8?
True
Is 1746582 a multiple of 175?
False
Is 17010 a multiple of 90?
True
Is 280 a factor of 9675?
False
Does 522 divide 298444?
False
Is 1042773 a multiple of 292?
False
Is 714918 a multiple of 51?
True
Does 10 divide 11251307?
False
Is 30481 a multiple of 3?
False
Is 2 a factor of 1186?
True
Is 215 a factor of 327528?
False
Does 37 divide 355488?
False
Does 37 divide 4381392?
True
Is 57 a factor of 440382?
True
Is 93 a factor of 40997?
False
Is 62 a factor of 88102?
True
Does 7 divide 6024863?
False
Is 87234 a multiple of 10?
False
Does 18 divide 1030604?
False
Is 24 a factor of 142008?
True
Is 5 a factor of 7428?
False
Is 7568106 a multiple of 1079?
True
Is 17 a factor of 7673?
False
Is 14 a factor of 1609426?
True
Is 141 a factor of 114774?
True
Is 29 a factor of 151222?
False
Does 94 divide 320975?
False
Does 7 divide 7371?
True
Does 16 divide 575792?
True
Does 1035 divide 2861132?
False
Is 9 a factor of 118098?
True
Is 5733948 a multiple of 718?
True
Is 2291667 a multiple of 213?
True
Is 7910000 a multiple of 452?
True
Is 2 a factor of 5587?
False
Is 16 a factor of 524448?
True
Is 432129 a multiple of 8?
False
Is 372942 a multiple of 23?
False
Is 170 a factor of 359708?
False
Is 884960 a multiple of 5?
True
Is 73462 a multiple of 46?
True
Is 10 a factor of 23740?
True
Is 2010 a factor of 14914200?
True
Does 17 divide 5492326?
True
Does 196 divide 31389204?
True
Is 1492888 a multiple of 184?
False
Is 14 a factor of 26724?
False
Is 329 a factor of 234577?
True
Does 44 divide 938158?
False
Does 18 divide 44442?
True
Is 5 a factor of 1369750?
True
Is 2000066 a multiple of 65?
False
Is 1898985 a multiple of 255?
True
Does 4 divide 1486808?
True
Is 282216 a multiple of 8?
True
Does 690 divide 220047?
False
Does 43 divide 4223331?
True
Is 5 a factor of 547135?
True
Is 6058593 a multiple of 58?
False
Is 1597379 a multiple of 22?
False
Is 58860 a multiple of 6?
True
Is 104 a factor of 1169?
False
Does 41 divide 58551?
False
Does 29 divide 44126?
False
Is 2353810 a multiple of 41?
True
Does 325 divide 221000?
True
Does 18 divide 2654048?
False
Is 3187041 a multiple of 391?
True
Does 647 divide 7416995?
False
Is 8 a factor of 9640?
True
Is 7 a factor of 40859?
True
Is 10148299 a multiple of 133?
True
Is 19 a factor of 2821723?
False
Is 1496 a multiple of 8?
True
Does 82 divide 9091258?
True
Is 1132172 a multiple of 38?
True
Is 94 a factor of 64014?
True
Does 269 divide 737315?
False
Is 10 a factor of 374270?
True
Does 32 divide 1605806?
False
Is 16 a factor of 15856975?
False
Does 411 divide 10034596?
False
Is 2839580 a multiple of 236?
False
Is 6 a factor of 124560?
True
Is 1316808 a multiple of 72?
True
Is 466132 a multiple of 7?
False
Is 60306 a multiple of 15?
False
Is 133342 a multiple of 209?
True
Is 797268 a multiple of 48?
False
Is 251620 a multiple of 173?
False
Is 49 a factor of 2978313?
False
Is 283 a factor of 396483?
True
Is 62 a factor of 973486?
False
Is 18 a factor of 275994?
True
Is 969228 a multiple of 234?
True
Is 88 a factor of 139832?
True
Is 397415 a multiple of 72?
False
Is 11 a factor of 246101?
False
Does 87 divide 1222959?
True
Is 48 a factor of 2622144?
True
Is 12184511 a multiple of 11?
False
Does 20 divide 17643318?
False
Is 226512 a multiple of 104?
True
Is 9 a factor of 27107?
False
Does 24 divide 26616?
True
Does 8 divide 2606072?
True
Is 102 a factor of 590886?
True
Is 623275 a multiple of 25?
True
Is 176 a factor of 236550?
False
Is 19 a factor of 568613?
True
Is 17595 a multiple of 364?
False
Is 55962 a multiple of 15?
False
Does 9 divide 1016595?
True
Is 4152 a multiple of 263?
False
Does 14 divide 23335?
False
Is 641182 a multiple of 3?
False
Is 28 a factor of 76580?
True
Does 447 divide 2749513?
False
Does 4 divide 171034?
False
Does 115 divide 2577576?
False
Does 147 divide 1305273?
False
Is 7 a factor of 83301?
False
Is 9397623 a multiple of 8?
False
Is 116425 a multiple of 114?
False
Is 33735 a multiple of 232?
False
Is 109262 a multiple of 39?
False
Is 242 a factor of 331405?
False
Is 14583713 a multiple of 14?
False
Is 1032780 a multiple of 71?
False
Is 3164297 a multiple of 32?
False
Is 144 a factor of 168635?
False
Does 63 divide 4930506?
True
Is 422 a factor of 45576?
True
Is 272010 a multiple of 15?
True
Is 6 a factor of 682663?
False
Is 41 a factor of 79553?
False
Is 1214937 a multiple of 22?
False
Is 222 a factor of 1361304?
True
Is 398 a factor of 92591?
False
Is 6 a factor of 42918?
True
Does 39 divide 1759586?
False
Is 2676081 a multiple of 14?
False
Is 9 a factor of 78750?
True
Is 275577 a multiple of 291?
True
Does 620 divide 1008939?
False
Is 25619552 a multiple of 98?
True
Is 17 a factor of 4293248?
True
Is 5494789 a multiple of 500?
False
Is 3 a factor of 6838418?
False
Is 23 a factor of 1653907?
True
Does 21 divide 76185?
False
Is 265281 a multiple of 4?
False
Does 11 divide 856042?
True
Is 560 a factor of 890904?
False
Is 3204725 a multiple of 7?
False
Is 3564834 a multiple of 21?
True
Is 1049057 a multiple of 251?
False
Is 452358 a multiple of 9?
True
Is 98375 a multiple of 25?
True
Is 7049741 a multiple of 589?
True
Is 2066072 a multiple of 328?
True
Is 67 a factor of 243210?
True
Is 1656865 a multiple of 58?
False
Does 9 divide 61775?
False
Is 16 a factor of 518798?
False
Is 8841912 a multiple of 6?
True
Is 33507 a multiple of 15?
False
Is 246293 a multiple of 268?
False
Is 132033 a multiple of 358?
False
Is 589 a factor of 1850638?
True
Is 659 a factor of 12091991?
True
Does 486 divide 6130306?
False
Does 451 divide 247064?
False
Is 64275 a multiple of 15?
True
Does 7 divide 4035641?
False
Does 70 divide 75390?
True
Does 84 divide 2940?
True
Does 7 divide 5306875?
True
Is 7 a factor of 375091?
False
Is 18 a factor of 2177154?
True
Is 633095 a multiple of 127?
True
Does 930 divide 98063?
False
Is 14066 even?
True
Is 2301948 a multiple of 5?
False
Is 81 a factor of 4613274?
True
Is 52701 a multiple of 11?
True
Does 4 divide 25624?
True
Does 261 divide 102704?
False
Is 2702763 a multiple of 21?
True
Is 1646524 a multiple of 12?
False
Does 29 divide 302557?
True
Is 170292 a multiple of 138?
True
Is 20056020 a multiple of 15?
True
Is 22 a factor of 2640505?
False
Is 17 a factor of 43718?
False
Does 22 divide 445786?
True
Is 15 a factor of 497810?
False
Is 1137502 a multiple of 11?
False
Is 5886342 a multiple of 1507?
True
Is 1278568 a multiple of 568?
True
Does 106 divide 4419820?
False
Does 35 divide 260150?
False
Is 540360 a multiple of 38?
True
Is 18 a factor of 3800038?
False
Is 392 a factor of 257936?
True
Is 170 a factor of 192270?
True
Is 42 a factor of 198408?
True
Is 145353 a multiple of 124?
False
Is 123 a factor of 380685?
True
Is 185441 a multiple of 210?
False
Does 10 divide 163239?
False
Is 682128 a multiple of 12?
True
Does 14 divide 536172?
True
Is 48399 a multiple of 51?
True
Is 236 a factor of 946640?
False
Is 630 a factor of 1231650?
True
Is 160244 a multiple of 5?
False
Is 48 a factor of 111936?
True
Is 118 a factor of 70328?
True
Is 2 a factor of 462340?
True
Is 142913 a multiple of 17?
False
Is 1787322 a multiple of 498?
True
Is 189637 a multiple of 554?
False
Is 4148568 a multiple of 8?
True
Is 153 a factor of 1802034?
True
Is 260 a factor of 980736?
False
Is 249928 a multiple of 41?
False
Is 285 a factor of 1584139?
False
Is 1438476 a multiple of 10?
False
Does 531 divide 945638?
False
Is 386 a factor of 1003986?
True
Is 75 a factor of 1061597?
False
Does 8 divide 9042712?
True
Is 97 a factor of 1120117?
False
Is 3 a factor of 4692?
True
Is 17 a factor of 842656?
True
Is 1047 a factor of 175213?
False
Is 43 a factor of 1937681?
False
Is 26 a factor of 123162?
True
Is 318 a factor of 95400?
True
Is 272 a factor of 21206394?
False
Is 4037408 a multiple of 9?
False
Does 44 divide 349457?
False
Is 93 a factor of 6255519?
False
Does 25 divide 14159?
False
Does 129 divide 52503?
True
Is 3070 even?
True
Is 49 a factor of 25662?
False
Is 32 a factor of 266080?
True
Is 36 a factor of 454572?
True
Is 4509125 a multiple of 814?
False
Is 89370 a mul